is the highest common factor of 61 and l?
61
Let q = -198 + 197. Let o(r) = -143*r + 12. Let y be o(q). Calculate the greatest common factor of 5 and y.
5
Let s = 2792 + -2756. Let p(q) = -q**3 + 3*q**2 + 4*q + 18. Let y be p(-5). Calculate the highest common factor of s and y.
18
Let x = -7426 + 8992. What is the highest common divisor of x and 216?
54
Let l be (1357/22 - (-40)/(-220))*(-220)/(-3). What is the greatest common factor of l and 205?
205
Suppose 131*z - 725 = -v + 136*z, -2*z = -4*v + 2900. What is the greatest common divisor of 58 and v?
29
Suppose -5*i + 11*i = -6. Let q be (-77)/i - (-5 - -8). Let l = q + -24. Calculate the highest common factor of 10 and l.
10
Let k = -231 + -289. Let d = -507 - k. Calculate the greatest common factor of 4 and d.
1
Let l(u) = -u**2 - 86*u + 225. Let q be l(-21). Calculate the highest common factor of q and 30.
30
Let z(p) = 2*p**2 - 7*p + 10. Let b be z(6). Let u = 445 + -405. What is the highest common divisor of b and u?
40
Suppose 0 = -101*i + 115*i + 1022. Let f = -45 - i. What is the highest common factor of f and 91?
7
Let b be 16 - 0*7/35. Let h be ((-25)/(-15))/(2/6). Suppose -3*d - a = -528, -d + h*a - 880 = -6*d. What is the highest common factor of d and b?
16
Suppose -3*s = -0*s + 9, u + 2*s = 42. Suppose 124 = 2*w - 26*m + 22*m, -15 = -3*m. Calculate the greatest common factor of w and u.
24
Let x be 10*(-7 + 6)*-14. Suppose -2*h - 1 = 5, 4*g - x = -4*h. What is the greatest common divisor of 19 and g?
19
Let g(i) = -195*i - 5502. Let w be g(-56). Calculate the greatest common divisor of 86 and w.
86
Suppose 0 = h - 5*z + 4 - 28, 153 = 4*h - z. What is the greatest common divisor of 1209 and h?
39
Let n = 56 + -40. Let f be 4/n - (-55)/4. Let m be (-1)/3*((-65)/5 - -7). Calculate the greatest common factor of f and m.
2
Let f(b) = b**2 + 6*b + 932. Let y be f(34). Calculate the greatest common factor of y and 120.
12
Suppose x - 780 - 342 = 0. What is the greatest common factor of 1428 and x?
102
Let u be (-4)/6 + 44/3. Suppose j + j - u = 3*l, 2*j = -l - 2. Let s(f) = 27*f**3 - f + 1. Let y be s(j). What is the highest common divisor of y and 45?
9
Let h(p) = 222*p - 443*p + 14 + 222*p. Let t be h(6). Suppose r - t = -3. Calculate the greatest common divisor of r and 119.
17
Suppose 0 = -t - 6 + 4. Let w be (-104)/(-4) - (t + 6/2). Calculate the highest common factor of w and 200.
25
Suppose -4*p - 28 = -3*d - 140, p - 4*d = 28. Let h be (3/(-12))/((-7)/p). What is the highest common factor of 19 and h?
1
Let o = 5492 - 1896. What is the highest common factor of 812 and o?
116
Suppose -2*u - 6 = 0, -13*u + 17*u = l - 786. Calculate the greatest common factor of 18 and l.
18
Suppose 133*g = 138*g + 65. Let h = 35 + g. What is the greatest common divisor of 55 and h?
11
Let a(y) = -32*y + 56. Let w be a(-7). Let z = w + -276. What is the highest common divisor of z and 52?
4
Let f = -1091 + 3069. What is the greatest common factor of 602 and f?
86
Suppose 3*l - 1907 - 374 = -u, -2256 = -u + 2*l. What is the greatest common divisor of 110 and u?
22
Let a(n) = 5*n - 51. Let p be a(11). Suppose -2*c + 50 = b, 5*c - 227 = -p*b - 33. Calculate the greatest common factor of b and 230.
46
Let r = 559 + 575. What is the greatest common divisor of r and 56?
14
Suppose -3*m - 13*m + 1920 = 48*m. Calculate the greatest common factor of m and 3018.
6
Suppose 0 = -3*p - 13 + 61. Let y be -3*(-30)/126 - (-2)/7. Let f be (-80)/(-6)*(-9)/((-3)/y). What is the highest common factor of p and f?
8
Let q = -3036 - -3171. Calculate the highest common factor of q and 180.
45
Let p = -20837 - -21084. What is the greatest common divisor of p and 481?
13
Suppose 2*j - 310 = -2*m, -5*j - 4*m = -9*j + 652. Calculate the highest common factor of 2067 and j.
159
Suppose -1064 = -5*q + 1131. Suppose -2*k - 87 = -q. What is the highest common factor of k and 16?
16
Let f(j) = 20*j**2 - 5*j - 5. Let m be f(8). Let t = 5 + m. What is the greatest common divisor of t and 40?
40
Let z be 54/(-9)*((-16)/(-6) + -2). Let p = 100 + z. Let q(x) = 2*x**2 - 6*x - 4. Let c be q(5). What is the highest common divisor of c and p?
16
Suppose -5*r + 3*m + 29 = 0, m - 4*m + 3 = 3*r. Suppose 2*h - 1 - 192 = -5*q, -r*q = 2*h - 194. What is the highest common divisor of 18 and h?
9
Let x be (3 + (-18)/4)/((-3)/4). Let d be x - 0/4*1/2. Suppose -3*p + d*p = -95. What is the highest common factor of p and 38?
19
Let j be 8 - 70/30 - 2/3. Suppose 0 = 3*i - 5*d - 205, -i - 8*d + j*d + 73 = 0. Let m = 5 + 5. Calculate the highest common factor of m and i.
10
Let c be (-104)/(-16)*(-11 + 43). Calculate the highest common factor of 1024 and c.
16
Let t be 150 + -2 + (12 - 10). Suppose -j - g = -t, 2*g + 144 = 3*j - 2*j. What is the greatest common divisor of 370 and j?
74
Suppose -5*y = 2*i - 10*y + 14, 3*y - 9 = i. Suppose 5*h - i*h = -120. Let k = h - -68. Calculate the highest common factor of k and 64.
8
Let x(r) = -21*r + 115. Let o be x(5). Suppose -3*q = o - 19. Calculate the greatest common divisor of q and 33.
3
Let m(j) be the third derivative of -2*j**5/15 + 7*j**4/3 + 7*j**3/2 - 2*j**2 - 95. Let h be m(7). Calculate the highest common factor of h and 56.
7
Suppose 0 = -4*x + 3*g - 25, 0 = -3*x + 14*g - 10*g - 24. Let k be x - 42*1/(-4)*2. Calculate the greatest common divisor of 17 and k.
17
Suppose 5*o - 171 = -3*i, -114 = i - 3*i - 3*o. Let x be (-10779)/(-27)*1 + -15 + (-5985)/(-405). Calculate the greatest common factor of i and x.
57
Suppose 0 = -6*o + 10*o - 8, -4*k + 3*o = -16538. What is the highest common divisor of 141 and k?
47
Let q(f) = 4*f + 39. Let l be q(3). Suppose 3*w - l = -3*u, -5*u = -2*w - w - 109. Calculate the greatest common factor of 40 and u.
20
Let b = 35 + -32. Suppose 0 = 2*l + x - 142, b*l - 212 = x - 2*x. Let y = l + -36. What is the highest common factor of 17 and y?
17
Let f = 634 - 546. Let t = 9 - 5. Let q be t/6*(5 + 7). Calculate the highest common divisor of q and f.
8
Let y(w) = -2*w**2 + 70*w + 52. Let p be -1 - 5 - 451/(-20 + 9). Let f be y(p). Calculate the highest common divisor of f and 156.
52
Let z = -29864 + 30014. Calculate the greatest common divisor of 500 and z.
50
Let g be -2*4/(-8)*4. Suppose g*c = -0 + 60. Suppose -5*b + 99 = 84. What is the highest common factor of c and b?
3
Let y(o) = -93*o**3 - 4*o**2 - 6*o - 7. Let z(x) = x**3 + x**2. Let j(m) = y(m) + 4*z(m). Let u be j(-1). What is the highest common divisor of 132 and u?
44
Suppose 5*s - 14 = -2*s. Suppose -s*u - 3*n + 22 = 0, -33 = -2*u - u + n. Suppose 31*p = u*p + 2380. What is the greatest common divisor of 7 and p?
7
Suppose -7220*o + 11664 = -7212*o. Calculate the greatest common factor of 36 and o.
18
Let q be 1/(3/30) + 1. Let r(i) = -i**3 - 11*i**2 - i + 23. Let v be r(-11). Let n = -1 + v. Calculate the greatest common divisor of q and n.
11
Let x = 666 - 526. Let f be 140*(2 - (-1)/2). Calculate the highest common factor of f and x.
70
Let k(c) = -c + 30. Suppose -3*v + 8 = -v, 2*a - 56 = -4*v. Suppose -a = -5*y + 35. Let d be k(y). What is the greatest common factor of 133 and d?
19
Suppose 574374 = 210*c - 624726. Calculate the highest common divisor of 10 and c.
10
Let v(n) = 52 + 20*n + 12*n + 12*n. Let z be v(5). Calculate the highest common divisor of z and 34.
34
Suppose -15 + 315 = -20*v. Let u(f) = f + 17. Let x be u(v). Calculate the greatest common divisor of 21 and x.
1
Let z = 274 - 240. Suppose b - 15 = z. Calculate the greatest common factor of b and 7.
7
Let m = 195 - 179. Suppose -v - 3*v + 576 = 0. What is the greatest common factor of v and m?
16
Let z = -7 - -8. Suppose 0 = 3*a + z - 196. Let s = 85 + a. Calculate the greatest common factor of 30 and s.
30
Let r = 96 + -85. Let k be (56/(-10))/((154/(-105))/r). What is the highest common factor of 21 and k?
21
Suppose -v = 2*z - 88, -3*v = -z + 2*v + 22. Suppose 10*y - 5*y = -5*w + 1490, -4*y = 3*w - 1188. What is the highest common divisor of z and y?
42
Let y(f) = 25*f**2 - 3*f - 4. Let p be y(3). Let l(m) = -6*m**2 + 426*m + 9665. Let r be l(-18). Calculate the greatest common factor of r and p.
53
Let y = -84 + 120. Let i be ((-153)/15)/51 - (-453)/15. Calculate the highest common divisor of i and y.
6
Let q(z) = -209*z + 74